
Convert -a47 (base 15) to base 4.
-210031
Convert ca5 (base 14) to base 11.
1970
What is 213 (base 11) in base 16?
100
-122 (base 3) to base 4
-101
-4324 (base 5) to base 12
-411
-3310 (base 12) to base 10
-5628
Convert -5921 (base 16) to base 6.
-253345
Convert -21755 (base 10) to base 3.
-1002211202
What is -686 (base 9) in base 8?
-1064
What is -6432 (base 7) in base 4?
-203211
2a77 (base 14) to base 5
220203
Convert 73b2 (base 12) to base 14.
4886
Convert 3110201 (base 4) to base 3.
200122202
Convert -28a (base 15) to base 6.
-2404
What is -730 (base 8) in base 11?
-39a
Convert -9a41 (base 13) to base 8.
-52014
What is 766 (base 11) in base 9?
1231
-2041022 (base 5) to base 11
-23507
Convert -3052 (base 8) to base 16.
-62a
201000 (base 4) to base 8
4100
-100101110100 (base 2) to base 9
-3278
45 (base 10) to base 12
39
What is -1211020 (base 3) in base 9?
-1736
Convert a164 (base 12) to base 7.
102010
Convert -381 (base 15) to base 12.
-564
What is 5234 (base 11) in base 10?
6934
-22101 (base 3) to base 2
-11100010
What is -172434 (base 8) in base 10?
-62748
What is -101011101101010 (base 2) in base 7?
-122146
-1201201 (base 3) to base 9
-1651
What is -65a (base 11) in base 10?
-791
-110010111010011 (base 2) to base 4
-12113103
5d6a (base 14) to base 2
11111111101010
What is 1344102 (base 5) in base 12?
14277
What is 94 (base 16) in base 13?
b5
-51a3 (base 14) to base 15
-4274
25a (base 12) to base 6
1354
What is -1050145 (base 6) in base 2?
-1100111111010001
Convert -8cde (base 15) to base 12.
-15385
Convert -22001221 (base 3) to base 8.
-13374
Convert -c8e (base 15) to base 11.
-2147
-10310 (base 4) to base 15
-158
Convert -328 (base 9) to base 10.
-269
What is -154 (base 14) in base 15?
-130
-12101102 (base 3) to base 4
-331112
Convert -1111101010 (base 2) to base 16.
-3ea
What is 10020021 (base 3) in base 15?
a71
731 (base 8) to base 2
111011001
Convert -141042 (base 5) to base 2.
-1011010001100
301110 (base 4) to base 2
110001010100
Convert 7d91 (base 16) to base 9.
48076
3610 (base 16) to base 7
55231
What is -135 (base 7) in base 14?
-55
Convert 204 (base 6) to base 10.
76
15443 (base 8) to base 9
10468
What is -111112 (base 3) in base 4?
-11231
What is 4543 (base 7) in base 5?
23043
What is 3459 (base 12) in base 2?
1011011000101
Convert 3214 (base 8) to base 11.
1294
1232 (base 5) to base 8
300
Convert 130b (base 12) to base 2.
100001111011
310324 (base 5) to base 8
23551
-1681 (base 10) to base 13
-9c4
What is -14102 (base 6) in base 13?
-1001
Convert -1533 (base 8) to base 4.
-31123
5035 (base 6) to base 16
44f
What is 276 (base 13) in base 3?
121010
25100 (base 6) to base 3
12002100
Convert -60 (base 10) to base 4.
-330
What is -200222 (base 3) in base 15?
-242
Convert -10a24 (base 14) to base 13.
-15514
-120304 (base 6) to base 12
-6094
Convert -54141 (base 6) to base 4.
-1303231
Convert 185 (base 15) to base 4.
11132
-153a (base 15) to base 8
-10713
-1002221 (base 4) to base 8
-10251
-b515 (base 13) to base 11
-17895
Convert 8aea (base 15) to base 11.
20161
1103202 (base 4) to base 13
2583
16 (base 15) to base 3
210
Convert -36 (base 12) to base 9.
-46
What is 365 (base 13) in base 4?
21032
-624 (base 16) to base 15
-6ec
425 (base 11) to base 9
627
-15611 (base 12) to base 6
-352021
-47221 (base 9) to base 15
-951d
What is 3e64 (base 16) in base 10?
15972
Convert 19417 (base 13) to base 14.
13c22
b3b (base 13) to base 8
3565
What is -11232202 (base 4) in base 6?
-300334
132 (base 16) to base 2
100110010
What is -1a61 (base 16) in base 6?
-51133
-52423 (base 6) to base 4
-1232133
11141 (base 5) to base 4
30130
-11304 (base 5) to base 14
-433
-1a3a (base 13) to base 6
-30120
100000001101011 (base 2) to base 15
4d46
Convert -70 (base 16) to base 12.
-94
-194 (base 15) to base 14
-1c0
What is 1001100 (base 3) in base 11?
636
-b2b (base 14) to base 2
-100010010011
Convert 777 (base 14) to base 12.
a31
40885 (base 9) to base 5
1330334
What is -42432 (base 5) in base 9?
-3835
What is -13233 (base 5) in base 2?
-10000101100
What is 4245 (base 9) in base 15?
dce
What is -118a6 (base 13) in base 8?
-76766
257 (base 14) to base 16
1d5
-221101 (base 3) to base 6
-3101
-10da (base 15) to base 6
-24324
What is -7101 (base 10) in base 9?
-10660
Convert 402c (base 14) to base 2.
10101100001000
5313 (base 6) to base 8
2255
415 (base 11) to base 5
4000
What is -8306 (base 10) in base 8?
-20162
-10e75 (base 16) to base 3
-10111222100
What is -4db0 (base 16) in base 11?
-13a40
Convert -14141 (base 6) to base 9.
-3037
Convert 101 (base 15) to base 5.
1401
-7dd (base 14) to base 16
-61f
Convert -a7d0 (base 15) to base 12.
-18680
665 (base 9) to base 12
395
Convert 10001000 (base 3) to base 11.
1733
Convert -186 (base 12) to base 7.
-501
-3200 (base 8) to base 2
-11010000000
What is -3400 (base 8) in base 10?
-1792
146b (base 16) to base 8
12153
What is e8b (base 16) in base 7?
13566
-11412 (base 6) to base 14
-86c
Convert 8611 (base 14) to base 7.
124321
-f59 (base 16) to base 10
-3929
-1511 (base 7) to base 4
-21110
Convert -9a9 (base 11) to base 9.
-1582
3143 (base 5) to base 10
423
What is 17317 (base 8) in base 3?
101211010
Convert -55322 (base 7) to base 12.
-804b
Convert 7d (base 15) to base 6.
314
What is -a66 (base 12) in base 10?
-1518
Convert 9c3 (base 13) to base 3.
2022020
What is -2697 (base 10) in base 14?
-da9
Convert 30734 (base 9) to base 15.
6021
Convert -25c (base 16) to base 14.
-312
What is 1e09 (base 15) in base 9?
8860
Convert -3002 (base 5) to base 8.
-571
d1dd (base 15) to base 3
2020210001
Convert 2151 (base 7) to base 2.
1100000011
Convert 4d6 (base 14) to base 11.
804
Convert 1a8 (base 16) to base 11.
356
What is 2011002 (base 3) in base 9?
2132
31b (base 13) to base 12
383
-12300220 (base 4) to base 14
-a13a
Convert 38c (base 14) to base 3.
222101
What is -35d (base 15) in base 9?
-1037
101020002 (base 3) to base 5
214304
Convert 45770 (base 8) to base 10.
19448
Convert -1882 (base 11) to base 4.
-211111
4056 (base 10) to base 12
2420
-4012 (base 5) to base 2
-111111011
Convert 564 (base 9) to base 11.
391
What is a61 (base 11) in base 14?
673
What is 353 (base 13) in base 15?
285
Convert 123 (base 12) to base 10.
171
What is -522 (base 15) in base 3?
-1120212
What is 6a56 (base 13) in base 5?
434233
2112130 (base 5) to base 8
104732
Convert -713 (base 10) to base 13.
-42b
Convert 133140 (base 6) to base 9.
17866
-3033 (base 6) to base 13
-3c6
1011101011110 (base 2) to base 6
43410
What is 353 (base 10) in base 8?
541
What is -5799 (base 10) in base 16?
-16a7
Convert -71336 (base 8) to base 3.
-1111100010
Convert 113202 (base 4) to base 11.
114a
Convert 24d1 (base 14) to base 11.
4939
Convert -2202 (base 7) to base 8.
-1422
-222320 (base 4) to base 10
-2744
Convert 9 (base 11) to base 7.
12
-21db (base 15) to base 5
-212211
What is 1258 (base 14) in base 5?
100324
Convert 13023211 (base 4) to base 11.
2010a
4523 (base 13) to base 2
10010110111110
292d (base 14) to base 3
101000010
What is 3d9 (base 16) in base 10?
985
What is 11001010110 (base 2) in base 6?
11302
Convert 223 (base 11) to base 3.
100220
Convert -114210 (base 5) to base 16.
-10d1
Convert -21332 (base 6) to base 12.
-1848
17171 (base 13) to base 5
2403301
-17143 (base 11) to base 14
-8b14
3231 (base 6) to base 14
3ab
Convert cd7 (base 16) to base 4.
303113
-613 (base 12) to base 11
-72a
What is 23020232 (base 4) in base 9?
68512
Convert 21668 (base 9) to base 6.
150355
Convert 53 (base 14) to base 5.
243
7904 (base 10) to base 4
1323200
Convert -20203022 (base 4) to base 13.
-12c29
What is -3295 (base 13) in base 9?
-10604
Convert -cd (base 15) to base 8.
-301
Convert -42411 (base 7) to base 5.
-313434
What is 1a0 (base 15) in base 13?
22b
What is 138d (base 15) in base 2?
1000001010111
-1661 (base 7) to base 8
-1250
What is 25245 (base 7) in base 2?
1100111111000
What is -20230 (base 6) in base 10?
-2682
Convert -17ac (base 15) to base 12.
-2b60
-1111110011 (base 2) to base 3
-1101110
Convert 40425 (base 6) to base 11.
401a
What is -1020151 (base 6) in base 10?
-49315
What is -d44 (base 16) in base 5?
-102041
26263 (base 7) to base 5
211003
What is -101010 (base 3) in base 16?
-111
What is 313232 (base 4) in base 9?
4802
What is 21110212 (base 3) in